0893)/243)/(1/(-8)) + (-4)/(-18)?
1
Let u be 2*7*(-8)/(-28). Let j be 1*139 - (14 - 16). Suppose -4*p - u*c + 484 = 0, 4*c = 5*p - 419 - j. What is the hundreds digit of p?
1
Suppose 2*b + 166 = 3*x, 2*b + 33 = 2*x - 79. Suppose -6975 = -x*s + 45*s. What is the hundreds digit of s?
7
Let x(t) = -t**2 + 18*t + 17. Let o be x(17). Suppose -5*z - 2*l - o = -0*l, 4*l + 2 = z. Let j(d) = 4*d**2 + 2*d - 4. What is the tens digit of j(z)?
2
Let j = 19771 - -35112. What is the tens digit of j?
8
Let p(s) = -2*s**2 + 5*s - 4. Let g be p(4). Let y = 37 + g. Let a = 30 - y. What is the units digit of a?
9
Let n(l) = 2*l**3 - 23*l**2 - 61*l + 176. What is the thousands digit of n(21)?
7
Suppose 11 + 7 = 6*h. Suppose h*m = -0*m + 1029. Suppose 0 = 3*w - 59 - m. What is the tens digit of w?
3
Let j = -321 + 393. Let d = -204 - -137. Let f = j + d. What is the units digit of f?
5
Let p = -45803 - -79782. What is the thousands digit of p?
3
Let l be 0/((-1 + 8)/7). Suppose 2*w + 0 - 8 = 0, -5*u + 4*w = -4. Suppose -4*j - 504 = -5*o - l*j, 404 = 4*o - u*j. What is the units digit of o?
0
Let l = 8421 + 6703. What is the thousands digit of l?
5
Suppose 2*p = z - 4223, z - 2412 - 1802 = 5*p. What is the tens digit of z?
2
Let f(h) = 2*h**3 + 18*h**2 + 23*h - 16. Let r = -249 - -242. What is the tens digit of f(r)?
1
Let t = 70 + -62. Let g(h) = 31 - 6*h - 10*h + t*h - h**2 - 10*h. What is the tens digit of g(-19)?
1
Let t(o) = -1461*o + 6561. What is the hundreds digit of t(-27)?
0
Let a(r) = -97*r - 508. What is the hundreds digit of a(-21)?
5
Let b be (0 - -2) + 216/(-99) + 114/22. Suppose 0 = 2*x + 2*x - 12. Suppose 2*j - f = x*f + 154, 0 = -j - b*f + 105. What is the tens digit of j?
8
Suppose 5*u + 3*h - 7 = 0, -2*u = 15*h - 12*h - 1. Suppose -4*d + 345 = u*g - 7*d, -518 = -3*g + 5*d. What is the tens digit of g?
7
Let g(i) = 5*i - 24. Suppose 0 = -5*p + a + 28, 4*p - a + 7 = 6*p. Let s be g(p). Suppose y = 5*m - 467, 2*y + 3 = -s. What is the tens digit of m?
9
Suppose u - 1 = 0, 5*t - u + 1 = -0. Suppose -2*s + 244 + 488 = t. What is the units digit of s?
6
Suppose -2*p + j + 6374 = 0, -5*p + 15920 = 39*j - 34*j. What is the tens digit of p?
8
Let p be (11 - -3041)*9/18. Suppose 4*o = -2*g + 34, 4*g - 20 = -3*o + o. Suppose -o*z = -698 - p. What is the tens digit of z?
7
Suppose l + z - 5371 = 0, -2*l - 5*z + 7407 = -3344. What is the thousands digit of l?
5
Let h(n) be the second derivative of 0 + 1/6*n**4 - n + 0*n**2 + 2/3*n**3. What is the units digit of h(-7)?
0
Suppose 0 = n + 2*x - 20175, 0 = -4*n + x + 5*x + 80602. What is the ten thousands digit of n?
2
Let c = 5235 + 10852. What is the hundreds digit of c?
0
Let m(i) = 392*i**2 + 256*i - 1817. What is the tens digit of m(7)?
8
Let a(m) = -9*m - 3. Let l(x) = 2*x + 4. Let d be l(3). Suppose -d*t - 16 = 134. What is the tens digit of a(t)?
3
Suppose -18118 = -2*j + 4*g, 0 = 2*g + 2. Suppose -10*m + 5223 = -j. What is the thousands digit of m?
1
Let f(u) = 2*u**2 - 32*u - 72. Let d(m) = -5*m**2 + 65*m + 143. Let w(a) = 3*d(a) + 7*f(a). What is the hundreds digit of w(-17)?
1
Let w(a) be the second derivative of -32*a - 9/2*a**2 + 3/2*a**3 + 0 - 1/10*a**5 + 5/3*a**4. What is the units digit of w(9)?
4
Suppose 76*c - 454827 + 310862 = 695075. What is the hundreds digit of c?
0
Suppose -2*j = -2*p - 5940, 2*j - 4*p - 2847 = 3097. Let q = j + -1616. What is the thousands digit of q?
1
Suppose 0 = -2*d + 8*d + 17*d - 202722. What is the hundreds digit of d?
8
Suppose -11*b = -24*b + 494. Suppose -b*w + 32*w = -1698. What is the hundreds digit of w?
2
Let x(t) = -2*t**3 + 15*t**2 - 4*t - 4. Let l be x(7). Let s(f) = 2*f + 7. What is the units digit of s(l)?
1
Let z(t) = -5*t + 43. Let w be z(7). Suppose -3 = 3*j + 3*o, -5*o = -3*o + w. Suppose 0 = j*y + 5*b, -5*y + 4*y = b - 2. What is the units digit of y?
5
Suppose 108 = -3*o - 108. What is the units digit of 890/4*(-2 + o/(-20))?
6
Let x(q) = 210*q + 39. Suppose 3*o + 4*r - 31 = 0, o - 12 + 3 = -r. What is the hundreds digit of x(o)?
0
Let z(r) = r**3 + 12*r**2 - 9*r + 15. Let u be z(-13). Let x = 41 + u. Suppose f - 3*b = -0*f + 19, x*f = 2*b + 56. What is the tens digit of f?
1
Let o(t) = 21*t**2 - 139*t + 233. What is the ten thousands digit of o(29)?
1
Let s = -66 + 66. Suppose -54*d - 8*d + 15190 = s. What is the units digit of d?
5
Suppose 18*f = -w + 13*f - 160, 3*f - 3 = 0. Let p = w - -553. What is the hundreds digit of p?
3
Suppose -4*u + u - 38 = -r, -5 = -u. Let x = 173 - r. Suppose 0 = 40*o - 35*o - x. What is the units digit of o?
4
Let r(m) = 36*m + 1. Let q be r(-1). Let y = q - -39. Suppose 149 = 5*h - 3*n - 481, 0 = -4*h + y*n + 512. What is the hundreds digit of h?
1
Let n be (-40)/(-6)*36/(-15). Let x = 14 + n. What is the units digit of x/(-11) - 946/(-121)?
8
Let t(b) = b**3 - 11*b**2 - b - 4. Let p be t(11). Let q be 24/p + 1 - (-1354)/(-10). Let i = 210 + q. What is the units digit of i?
4
Suppose -104*t = 73*t - 42*t - 1361070. What is the units digit of t?
2
Suppose -20*q = -62351 - 61829. What is the hundreds digit of q?
2
Let a(s) = 2*s**2 + 17*s + 8. Let y be a(-8). What is the thousands digit of -1*(-1044 + -7 - y)?
1
Let h(s) = -4*s - 8*s**2 - 1 - 4*s**2 - 6*s + 0*s**2. Let v(j) = 12*j**2 + 9*j + 2. Let b(i) = 4*h(i) + 5*v(i). What is the units digit of b(-2)?
4
Suppose 0 = -33*l + 28*l + 25. Suppose l*k + 24 = 39. Let t(a) = a**3 + 3. What is the tens digit of t(k)?
3
Suppose -c = x - 83, -4*c - 127 = -2*x + 69. What is the tens digit of x?
8
Suppose 0 = h - 1, 2*l + 4*h - 5482 = -0*l. Let s = -1433 + l. What is the hundreds digit of s?
3
Suppose 53739 = 3*u - 8*s, 2*u = -5*s + 4*s + 35788. What is the hundreds digit of u?
8
Suppose -i - 3 = c, -c - 23 = -i + 6*i. Let v(t) = 208*t - 1. What is the hundreds digit of v(c)?
4
Let f = 22619 + -11844. What is the ten thousands digit of f?
1
Let m(r) = -7*r**3 - 10*r**2 + 17*r + 10. Let t be m(5). Let a = -293 - t. What is the hundreds digit of a?
7
Let w be 24*1/(-15)*-5. What is the tens digit of -29*(-3 - (w - (-3)/1))?
0
Let c = 2733 + -2088. What is the units digit of c?
5
Let q(k) = -454*k - 255. Let m be q(7). Let u = -1650 - m. What is the units digit of u?
3
Let s = -13332 - -26409. What is the ten thousands digit of s?
1
Let x(v) = 5*v**2 + 31*v - 10. Let r(u) = -7*u + 98. Let w be r(16). What is the units digit of x(w)?
6
Let f = 12201 - 2822. What is the units digit of f?
9
Let m(o) = 4*o + 22. Let w be m(-6). Let t be ((-12)/27)/w + (-75)/(-27). Suppose 9 = -t*d, 3*f + 3*d + d = 129. What is the tens digit of f?
4
Let s be 0 - (12/108 + (-1)/9). Suppose 0 = 2*t - 4*k - 4, -6*t + t + 5*k = s. What is the tens digit of t - 2 - (-2 + 3 - 88)?
8
Let h = 54 + -52. Let n be (-4)/(h + 10/(-4)). What is the tens digit of 100/(1*n/4)?
5
Suppose 172*o = -4*o + 2670096. What is the ten thousands digit of o?
1
Let d be (-13 - 1261/(-91))/((-3)/(-14)). Suppose 2*i + 2*h - 548 = 0, d*i + h - 1350 = -i. What is the tens digit of i?
6
Let v = 6234 - 3425. What is the units digit of v?
9
Let w(x) = -x**2 - 11*x + 29. Let v be w(-13). Suppose 0*l - 349 = -2*n - v*l, 5 = l. What is the hundreds digit of n?
1
Let d be (-3)/(-39)*-2 + (-150)/39. What is the units digit of 307/(d/(16/(-2)))?
4
Suppose 650*t + 961 + 5783 = 653*t. What is the tens digit of t?
4
Let k = 15756 + -1144. What is the ten thousands digit of k?
1
Let h(s) = -9*s + 4 - 14*s - 44*s - 8. Let j be h(2). Let n = j + 239. What is the hundreds digit of n?
1
Let r(x) = x**3 + 5*x**2 - 20*x - 22. Suppose 227 = 26*i - 7. What is the hundreds digit of r(i)?
9
Suppose -1158 = 3*b - 3*o, 4*b - 5*o - 1499 = 8*b. Let h = b - -710. What is the tens digit of h?
2
Let t(x) = x**3 - 2*x**2 - 2*x - 6. Let j be t(3). Let u(n) = 14*n**2 - 7. Let d be u(j). Suppose -7*v + d = -63. What is the tens digit of v?
2
Suppose 5*x = 11*x + 4134. Let p = -455 - x. Suppose 4*v = -s + 103, 4*s - p = 2*s - v. What is the hundreds digit of s?
1
Suppose -6 = 3*r - 3. Let c = -898 - -273. What is the tens digit of (c/(-20))/(r/8*-2)?
2
Let n be (7 + -12)*(-1 - 710). Suppose -6*u = 237 - n. What is the hundreds digit of u?
5
Let u(b) be the first derivative of 405*b**2/2 + 27*b + 24. What is the units digit of u(2)?
7
Let y(n) = 8*n**2 - 54*n 